is the remainder when 339206 is divided by 209?
208
What is the remainder when 2039 is divided by 434?
303
Calculate the remainder when 11173 is divided by 308.
85
Calculate the remainder when 5875 is divided by 1149.
130
Calculate the remainder when 7375 is divided by 48.
31
Calculate the remainder when 2426746 is divided by 43.
41
What is the remainder when 5306 is divided by 106?
6
What is the remainder when 11087 is divided by 44?
43
Calculate the remainder when 200399 is divided by 194.
191
What is the remainder when 705045 is divided by 29?
26
What is the remainder when 6067 is divided by 88?
83
What is the remainder when 209186 is divided by 27?
17
Calculate the remainder when 56302 is divided by 48.
46
Calculate the remainder when 93584 is divided by 367.
366
Calculate the remainder when 28259 is divided by 28239.
20
Calculate the remainder when 50849 is divided by 16891.
176
What is the remainder when 9878 is divided by 9747?
131
Calculate the remainder when 3901 is divided by 3898.
3
What is the remainder when 1067260 is divided by 53?
52
Calculate the remainder when 202573 is divided by 44.
41
Calculate the remainder when 2516 is divided by 527.
408
What is the remainder when 5051 is divided by 123?
8
Calculate the remainder when 59187 is divided by 1258.
61
Calculate the remainder when 2918 is divided by 187.
113
What is the remainder when 65147 is divided by 1?
0
What is the remainder when 8252 is divided by 550?
2
Calculate the remainder when 27903 is divided by 3487.
7
What is the remainder when 13472 is divided by 13?
4
Calculate the remainder when 650 is divided by 318.
14
What is the remainder when 31376 is divided by 15645?
86
Calculate the remainder when 901112 is divided by 246.
14
Calculate the remainder when 40155 is divided by 1434.
3
What is the remainder when 33248 is divided by 507?
293
Calculate the remainder when 9240 is divided by 2816.
792
What is the remainder when 2021 is divided by 170?
151
What is the remainder when 7132 is divided by 355?
32
What is the remainder when 48158 is divided by 1417?
1397
What is the remainder when 229391 is divided by 108?
107
Calculate the remainder when 17874 is divided by 320.
274
Calculate the remainder when 22990 is divided by 15.
10
What is the remainder when 84499 is divided by 34?
9
Calculate the remainder when 40858 is divided by 1776.
10
What is the remainder when 118140 is divided by 1618?
26
Calculate the remainder when 85081 is divided by 595.
591
What is the remainder when 33533 is divided by 81?
80
Calculate the remainder when 7425 is divided by 284.
41
What is the remainder when 93509 is divided by 7?
3
What is the remainder when 6387 is divided by 323?
250
Calculate the remainder when 161293 is divided by 272.
269
What is the remainder when 52325 is divided by 92?
69
What is the remainder when 40000 is divided by 113?
111
What is the remainder when 27897 is divided by 5566?
67
Calculate the remainder when 92791 is divided by 37.
32
What is the remainder when 4239 is divided by 68?
23
Calculate the remainder when 8645 is divided by 1437.
23
Calculate the remainder when 10940 is divided by 499.
461
What is the remainder when 39336 is divided by 2620?
36
What is the remainder when 9748000 is divided by 1389?
1387
Calculate the remainder when 4221 is divided by 2062.
97
Calculate the remainder when 30535 is divided by 804.
787
What is the remainder when 8241 is divided by 150?
141
What is the remainder when 3708 is divided by 471?
411
Calculate the remainder when 3838 is divided by 888.
286
What is the remainder when 10255 is divided by 5000?
255
What is the remainder when 30886 is divided by 873?
331
What is the remainder when 156602 is divided by 2796?
26
Calculate the remainder when 1116 is divided by 40.
36
Calculate the remainder when 6925 is divided by 5797.
1128
Calculate the remainder when 210810 is divided by 7.
5
Calculate the remainder when 830 is divided by 475.
355
What is the remainder when 63997 is divided by 50?
47
Calculate the remainder when 8900 is divided by 49.
31
What is the remainder when 1155 is divided by 366?
57
Calculate the remainder when 217199 is divided by 170.
109
What is the remainder when 398780 is divided by 268?
264
What is the remainder when 8745 is divided by 313?
294
Calculate the remainder when 4310 is divided by 2031.
248
Calculate the remainder when 73967 is divided by 90.
77
What is the remainder when 10384 is divided by 247?
10
What is the remainder when 1076366 is divided by 7?
4
What is the remainder when 14303 is divided by 966?
779
What is the remainder when 38467 is divided by 1923?
7
Calculate the remainder when 4640 is divided by 60.
20
What is the remainder when 3414 is divided by 377?
21
What is the remainder when 1990 is divided by 47?
16
Calculate the remainder when 12794 is divided by 12769.
25
What is the remainder when 1012707 is divided by 19?
7
Calculate the remainder when 125844 is divided by 56.
12
Calculate the remainder when 1111496 is divided by 20.
16
What is the remainder when 109891 is divided by 331?
330
What is the remainder when 43085 is divided by 399?
392
What is the remainder when 1974367 is divided by 632?
631
What is the remainder when 23253 is divided by 566?
47
What is the remainder when 420173 is divided by 186?
185
Calculate the remainder when 49146 is divided by 50.
46
What is the remainder when 84546 is divided by 9394?
0
What is the remainder when 3662171 is divided by 1220722?
5
What is the remainder when 30759 is divided by 236?
79
What is the remainder when 20449 is divided by 51?
49
What is the remainder when 172900 is divided by 27?
19
Calculate the remainder when 439076 is divided by 84.
8
What is the remainder when 85220 is divided by 377?
18
Calculate the remainder when 20298 is divided by 35.
33
Calculate the remainder when 6821 is divided by 681.
11
What is the remainder when 10814 is divided by 900?
14
Calculate the remainder when 6727 is divided by 3159.
409
What is the remainder when 112783 is divided by 15?
13
Calculate the remainder when 10659 is divided by 612.
255
What is the remainder when 386431 is divided by 131?
112
Calculate the remainder when 73048 is divided by 150.
148
Calculate the remainder when 43826 is divided by 217.
209
What is the remainder when 38657 is divided by 9?
2
What is the remainder when 85026 is divided by 373?
355
What is the remainder when 55294 is divided by 216?
214
What is the remainder when 14745 is divided by 13093?
1652
What is the remainder when 6038 is divided by 262?
12
Calculate the remainder when 368333 is divided by 407.
405
Calculate the remainder when 64737 is divided by 118.
73
What is the remainder when 14719 is divided by 8?
7
What is the remainder when 643 is divided by 37?
14
Calculate the remainder when 187749 is divided by 62544.
117
Calculate the remainder when 4553 is divided by 36.
17
What is the remainder when 125476 is divided by 275?
76
Calculate the remainder when 124380 is divided by 3189.
9
Calculate the remainder when 1931 is divided by 611.
98
What is the remainder when 11199 is divided by 862?
855
Calculate the remainder when 123510 is divided by 81.
66
What is the remainder when 334783 is divided by 64?
63
What is the remainder when 701273 is divided by 566?
565
What is the remainder when 2114 is divided by 1034?
46
Calculate the remainder when 2352 is divided by 1842.
510
Calculate the remainder when 157863 is divided by 175.
13
What is the remainder when 13284 is divided by 194?
92
Calculate the remainder when 462695 is divided by 104.
103
What is the remainder when 75010 is divided by 25003?
1
Calculate the remainder when 209382 is divided by 165.
162
Calculate the remainder when 64384 is divided by 125.
9
Calculate the remainder when 5279 is divided by 707.
330
Calculate the remainder when 202382 is divided by 3489.
20
Calculate the remainder when 2119 is divided by 85.
79
What is the remainder when 54543 is divided by 78?
21
What is the remainder when 14497 is divided by 422?
149
What is the remainder when 22840 is divided by 9?
7
What is the remainder when 8747 is divided by 337?
322
What is the remainder when 40736 is divided by 10171?
52
What is the remainder when 166890 is divided by 26?
22
What 